6 - 21.
-36
Calculate 96 - -2 - (-7 + 2 - 1).
104
(32 - 11 - ((-8 - -6) + -5 + 3)) + 5
30
(-3 - 4) + (12 - 0) + -6 + -4
-5
Calculate -1 + 73 + (127 - (152 + -55)) + (2 - 45).
59
(4 - -3) + (5 + -2 - (-7 + -5 + 19))
3
What is (3 - 1) + (-7 - -3) - (-144 + 142) - 56?
-56
What is (32 - 21 - 17) + 0 + (28 - -5)?
27
(-10 - (42 - 28)) + 18 - 29
-35
Calculate -58 - 2 - 5 - -46.
-19
-49 + (13 - (28 + (1 - 15) - 4))
-46
What is 1 + 41 + -18 + (23 - 13 - -2)?
36
145 + -41 + -2 + 37 + (-2 - 13)
124
Calculate 98 + 7 + -4 - (47 + -21 + -36) - 10.
101
Calculate (-1 - (-20 + 1 - 7)) + 17 - -6.
48
Evaluate 10 - (29 + (2 - (-13 - -24))).
-10
0 + -4 + 2 + 3 + (-56 - (-105 - -139))
-89
Evaluate (-24 - -20) + (-1 - -2 - 5) + 97.
89
(1 - ((-8 - -3) + -8 + 7)) + (-59 - -21)
-31
What is -72 - (0 + (14 - 2 - (36 - (38 - 9))))?
-77
What is -128 + -48 - -162 - (-1 + -1 - (-10 + -3))?
-25
30 + 4 + (9 + -161 - -15)
-103
-75 + 1 + -2 + (-16 - -41)
-51
(3 - -17) + 263 + -243
40
-28 + (2 - (60 - 92))
6
Evaluate -1 + 0 + 2 + (-9 + 27 - (-172 + 263)).
-72
What is the value of 218 + 132 + -292 - (0 - -39)?
19
Calculate (11 - 2) + (-9013 - -8859).
-145
-25 - (-141 + 153 - (-2 + 11))
-28
Evaluate 21 + -36 - -35 - 14.
6
Evaluate (0 - 112) + (2908 - 2785).
11
What is 92 - -77 - 157 - (0 - (81 - 2))?
91
What is the value of 105 - 106 - -17 - 90?
-74
What is the value of -11 - ((2 - 11) + -42 + 50 - (-4 - -1))?
-13
What is the value of -79 + (-65 - (-7 + -20) - -32)?
-85
What is the value of 2 - 2 - 10 - (-4 + (-12 - -39) + 5)?
-38
Calculate 12 + (4 - (12 + -25)) + (0 - 2).
27
Evaluate 0 + (0 - -82) + (-12 + -20 - -16) + 18.
84
What is -88 - -12 - -69 - (-93 + -4) - (-12 + 0)?
102
What is the value of -1 - -11 - 0 - (31 - -2 - (1892 + -1863))?
6
Calculate (13 - (-14 - -52) - -18) + 26 - (1 + -6).
24
Calculate 12 - (7 + -4) - (-960 + 952).
17
What is -8253 - -8339 - (128 + -1)?
-41
What is -20 + 2 + 2 - ((-24 - -53) + -23)?
-22
7 + -29 + 24 + (71 + 0 - (-2 - -1))
74
What is 262 - (-213 + 346) - (-1 + -14)?
144
Evaluate 1601 + -1661 - (-109 + -2).
51
What is the value of 26 + -16 + -141 + 79?
-52
Evaluate (24 - 16) + 1 + (-24 - -4).
-11
Evaluate 56 + (-141 - -122 - -75).
112
What is the value of ((-9 - -6) + 4 - (-108 + 27 + -17)) + -6?
93
Calculate -134 - (47 + 71 + -212).
-40
Evaluate 20 - (0 + -3) - (19 - 22).
26
What is the value of 10 - (140 + -2 + -4) - (-81 - -79)?
-122
Evaluate 72 + (2 - 1 - -3) + (9 - 11) + -11.
63
-104 - ((13 + 5 - 35) + (7 - 8 - -13))
-99
((-1 - 8 - -22) + -4 - 5) + -10
-6
-82 + 9 + (-45 - -32) + -13 + -1 - -9
-91
-38 + -10 + 32 + 27 + -1 + -5
5
Evaluate (16 - 6) + 5 + -7 + (267 - 364).
-89
Calculate (51 - (1 - 16)) + -13.
53
99 + (33 - (-38 + (-2 - -79)))
93
What is the value of (16 - 24) + (-12 - -43) + -54?
-31
(21 - 6) + (6 - (-14 + (-10 - 6) + 22))
29
What is the value of -56 + (26 - -32) + -18?
-16
What is the value of 32 + 7 - (3 + 2 + 2 - (-44 - -54))?
42
50 + (-96 - -69) + (5 - -6 - (0 - 2))
36
Calculate -120 + 5 - (7 + -12 + (-187 - -182)).
-105
Calculate -12 + -45 + -4 - -17 - (-2 + -6).
-36
What is -15 + (-150 - -222) + (-4 - 0) - -6?
59
(-28 - -17) + -36 - 12 - (6 - (16 + 6))
-43
Evaluate -13 - ((1 - (-17 + 8)) + -11 + 7 + 64).
-83
-41 + (-134 + 139 - (0 - -29))
-65
Evaluate -20 - (-4 + -21 + (-62 - -86)).
-19
Calculate 2 + 31 + 15 - 63.
-15
2 + -4 + -41 + (-17 - -10) + -1 + 7
-44
Calculate ((11 - 22) + -36 - -5 - -8) + 3.
-31
Evaluate 68 + -7 + 8 - (-17 - (15 + 2 - 43)).
60
What is 1 + 16 + -19 + 16 + (-13 - 13)?
-12
Evaluate -115 + -18 + 19 + -6 + -3 + -3 + 8.
-118
What is the value of -87 - (-29 - (115 - 59))?
-2
Evaluate (13 + -9 - 12) + (-1 - 0) + (-1 - 0).
-10
Calculate -44 + (3 - (-6 - 3 - (29 - 25))).
-28
What is the value of 61 + -39 + (12 - 24) + 24?
34
(-45 - (-3 + (2 - 1))) + -34 + 44
-33
What is the value of 241 + -291 - (3 + -81)?
28
Evaluate 85 + -14 + 7 + (1 - 19) + 36 + -15.
81
Evaluate 2 + 6 - (7 + (-31 - -20)) - (20 + -84).
76
Evaluate (-3 + 1 - (-18 + 1 + 5 + 9)) + -15.
-14
-18 + (3 + -6 - (4 - 44 - 16))
35
(58 - 43 - 48) + 11
-22
What is the value of 12 + -8 + -5 - -56?
55
Evaluate -110 + 30 + (96 - 56).
-40
What is -4 - -8 - ((-125 - -229) + (-1 - 22))?
-77
Calculate -2 + (21 + -25 - -13) + -33.
-26
(-81 - -40) + 34 + (0 - 8)
-15
What is (5 - (-9 + 27) - (46 - 49)) + -64?
-74
Calculate -52 + 19 - (-24 - -12 - -25).
-46
Calculate (9 - 22 - 0 - -51) + -9.
29
(8 - (0 - 5)) + (17 + -33 - 88) + -2
-93
What is the value of (140 - 15) + -314 + 151?
-38
Evaluate -7 - ((21 - 12) + 2 + (-3 - 7)) - -47.
39
What is -96 - ((-15 + 25 - 25) + -9)?
-72
Evaluate -32 + (19 + -15 - 4) - -26.
-6
(-3 - -2 - (-72 + 44)) + -5
22
44 + (-14 + (-17 - -44) - (18 + -3))
42
Evaluate -4 + ((93 - 4) + -5 - -4) + -13 - -6.
77
What is -21 + (57 - (-51 - -46))?
41
What is 155 + -145 + (0 - -3) - 1 - -7?
19
106 + -88 - 6 - (51 - 3)
-36
What is 1 + -35 + 0 - (21988 + -21974)?
-48
What is the value of 11 + (69 - (190 + -177 + -1 + 4))?
64
What is the value of -12 + (-138 - -130 - (1 + -7)) + 14?
0
(14 - 44) + (14 - 1 - (-4 + (-1 - -8)))
-20
What is the value of (0 - 4) + (-88 - (-9 + -6 - 2))?
-75
Evaluate -1 + (16 - 6) - (6 + (-65 - (-3 - 13))).
52
What is 71 + -70 - (-3 + 1 + 14) - (34 + -115)?
70
Calculate (-268 - -333) + (-2 - 21).
42
What is the value of (4 - 4 - -14) + -8 - (-6 + -26)?
38
Calculate 16 + (9 - -10) + -83 + 20.
-28
What is -53 + 95 + 59 + (-29 - 5)?
67
What is the value of (-159 + 151 - (-10 - 0)) + (-3 - 38)?
-39
What is the value of -197 - -240 - (33 - 9)?
19
What is the value of 5 - 0 - (-4 + (40 - 5) + -23)?
-3
What is ((8 - 6) + (-3 - 12 - -22) - 11) + 0?
-2
What is the value of 19 + -17 + 1 + 55 + -64?
-6
Evaluate 18 - (-79 - -71 - ((1 - 2) + (5 - 1))).
29
(1430 - 1500) + -1 + 22
-49
Calculate 38 + (-8 - -16) + -10 + 8 + -12.
32
(110 - (-74 + 194)) + 29
19
-20 + (40 + -20 - 4) - -20
16
Evaluate (1714 - 1648) + (-9 - 146).
-89
Evaluate -18 - (-51 - (-200 + 74)).
-93
What is the value of -5 - (-67 + -27 + 43)?
46
Evaluate (-168 + 94 - 3) + 79.
2
What is the value of (-18 - -51) + 21 + -3 + -57?
-6
What is the value of -49 - (-50 + 12 + -46)?
35
What is the value of (-12 - -1) + 90 + (-27 - -22)?
74
What is the value of 7 + (3 - ((13 - 8) + 7 + -6))?
4
Calculate 2 + -6 - -1 - (-51 + (-2 - 36) + 33).
53
(126 - (-48 + 96)) + -38
40
Calculate (63 - -12) + -31 - (-10 - -3).
51
What is -16605 + 16589 + (1 - 43)?
-58
What is the value of (-118 - -232) + (-38 - 15)?
61
What is (-69 + -82 - -153) + (-1 - -70) + 1 + -1?
71
(6509 - 6539) + (1 + -2 - 16)
-47
What is the value of 64 + (-4 - -10 - (6 + (11 - 19) + 0))?
72
What is -1 + 2 + (-15 - -12 - -6)?
4
Calculate 2 + 2 + 33 + -60.
-23
Calculate 2 + -8 + -240 + 254 - 49.
-41
What is the value of 147 - (26 + 94 - 97)?
124
Calculate -11 - ((-23 - 0 - -14) + -7 - -49).
-44
Calculate 58 + 77 + -141 - 4.
-10
What is the value of 0 - -180 - (18589 - 18477)?
68
Evaluate -261 + 397 - 149 - (-103 + 0).
90
What is (28 - 11) + (-4 - ((2 - -4) + 7))?
0
-8 - (-21 + 13) - (-5 - (-2 + 5))
8
What is (-24 - (23 - (-13 - -59))) + 0?
-1
Evaluate 40 + 89 + -110 - -4.
23
Evaluate 14 + 0 - (-4 + -4 + 2 + 65 + -67).
22
Evaluate -9 + -1 + 17 + -6 + 1 + -23.
-21
What is (-56 - -40 - (-2 + (-1 - -2))) + 15?
0
Calculate 29 + (-67 - -37 - -30).
29
Evaluate -12 + 81 + -61 - (0 - 31).
39
-20 - -28 - (-79 - -57)
30
What is 70 - (132 + 9 + -60)?
-11
Calculate 1 - 28 - (-105 + 31 + 52).
-5
What is 80 + -118 + 6 + -38?
-70
Calculate -23 + (28 - (-33 - -28)).
10
Evaluate 48 + (20 - (96 - 42)).
14
4 - ((5 - 4) + (-2 + -44 - -20))
29
Calculate 10 + 7 + -10 + -173 + 163.
-3
Calculate -59 + (18 + 0 - 0) + 23.
-18
What is the value of (-5 - -1) + 39 - (-47 - (-54 + 10))?
38
What is the value of (1 - 25) + 26 + 73 + -106 + -3 + 0?
-34
Evaluate (19 + (10 - 33) + 1 - -67) + -10.
54
-121 - (-44 - (51 - 18))
-44
Evaluate 86 - (3 - (7 - 0 - (545 - 525))).
70
What is (8 + -4 - 4 - 6) + -20 + 0?
-26
What is 24 - (5 + (16 - 42))?
45
What is the value of (-54 - -34) + 25 + (-15 - 24)?
-34
What is 46 + 37 + -25 + -53 + 109?
114
Evaluate 99 + (-7 + 1 - (-5 - 53 - -40)).
111
What is 152 - (13 + 159) - (-1 + 0 - -16)?
-35
What is (-44 - -85 - (-4 + 15)) + -5?
25
What is 245 + -178 - 1 - (-2 + -1 + -1)?
70
Evaluate 34 - (45 + -46) - 81.
-46
Cal